 63 and p.
7
Let c(n) = -n**3 + 8*n**2 + 4. Let g = -11 + 19. Let w be c(g). Calculate the greatest common divisor of 10 and w.
2
Suppose o + 8*j - 3*j = 101, 0 = -3*o - 4*j + 336. Let k = 204 - o. What is the highest common divisor of k and 8?
8
Let b = 140 + -126. What is the greatest common divisor of 56 and b?
14
Suppose 0 - 5 = -v. Suppose -v*x - 360 = -10*x. Calculate the greatest common divisor of 8 and x.
8
Let k = -27 - -15. Let v = k - -23. Calculate the greatest common divisor of v and 11.
11
Let c be 5 + -3 + 1 - -3. Suppose -4 = 4*d - c*d. What is the greatest common divisor of d and 4?
2
Suppose 0 = 4*g - 76 + 24. Suppose -5*j = 38 + 17. Let n = g - j. Calculate the highest common divisor of n and 36.
12
Suppose 4 - 2 = -b. Let h = b - 2. Let n be (-4)/2 - h/1. What is the highest common factor of n and 16?
2
Suppose -1 = -5*w + 9, -4*w + 152 = 3*k. Let u(p) = -p**3 + 2*p**2 + 4*p - 1. Let x be u(-3). What is the greatest common factor of k and x?
16
Let l(o) = -5*o**3 - 5*o**2 - 6*o + 2. Let w be l(-3). Suppose 0 = 9*x - 10*x + w. Let j = -59 + 103. Calculate the highest common divisor of j and x.
22
Suppose 5*x - 403 = -6*t + 3*t, -242 = -3*x - 2*t. What is the highest common divisor of 20 and x?
20
Suppose 2*u - 6*u + 4*f = -28, 3*f = 2*u - 19. Suppose 0*r - u = -r. Calculate the greatest common divisor of 2 and r.
2
Let f be 1 + ((-2)/2 - -19). Let s(u) = u + 8. Let m be s(-6). Let q be (173 - 2)*2/m. What is the highest common divisor of q and f?
19
Let z = 0 + -1. Suppose -3*n = -4*i + 17, 0*i + 5 = i. Let q be z/(n/5*-1). What is the greatest common divisor of q and 35?
5
Suppose x + 103 - 518 = 0. Suppose 7*p - x = -3*w + 2*p, 3*p = -3*w + 411. What is the greatest common factor of 15 and w?
15
Let k = 43 - -6. Calculate the greatest common factor of k and 7.
7
Let y = -319 + 560. Let x = 399 - y. Suppose -5*a - x + 858 = 0. What is the greatest common factor of 20 and a?
20
Let a = 25 - 15. Suppose 0 = 5*g - 4*o + 14, -g + 3*o - 6 = 2*g. Let y be g/(-9) - (-13)/3. Calculate the greatest common divisor of a and y.
5
Let r = -21 - -28. What is the greatest common divisor of r and 1?
1
Let q be 156/15 - 4 - (-6)/10. Calculate the highest common divisor of q and 7.
7
Let q be 145/13 + 2/(-13). Let i = -6 - -10. Suppose 2*o = -i*m + 66, -o + m - 2*m + 33 = 0. Calculate the highest common divisor of q and o.
11
Suppose 12 = n - 0. Calculate the greatest common factor of n and 132.
12
Let n = 3 - 1. Let u(v) = -v**3 + v**2 - 3*v + 3. Let c be u(n). Let d be (2 + c)/(1/(-9)). Calculate the highest common factor of d and 30.
15
Let u be ((-6)/4)/(24/(-1040)). Calculate the highest common divisor of u and 13.
13
Let g be -2*(-26)/2 - -5. Calculate the highest common divisor of g and 124.
31
Let v = -5 + 1. Let g be (2/2)/(2/16). Let z = g + v. What is the greatest common divisor of 2 and z?
2
Let s be (2 - (12 - -3))*-1. Suppose -2*g = -3 - s. Calculate the highest common factor of 8 and g.
8
Let p(h) = -h + 10. Let q be p(10). Suppose 0 = -b - u + 7, q = -3*b - 2*b + u + 23. What is the greatest common divisor of b and 1?
1
Suppose -3*y - y - 24 = 0. Let l(z) be the first derivative of z**4/4 + 2*z**3 - z**2 - 7*z + 2. Let h be l(y). What is the highest common factor of 55 and h?
5
Suppose 9*h = 4*h + 200. Let z be (44/(-10))/((-16)/h). What is the greatest common factor of 77 and z?
11
Let i be (3 - 3)/(0 + 3). Suppose 2*p - 2 - 94 = i. Let b be (-3 + 0)/((-1)/24). What is the highest common factor of b and p?
24
Let u(q) = -q**2 + 9*q - 12. Let p be u(5). Calculate the greatest common factor of 72 and p.
8
Suppose -5*x + 2*k + 3 = -1, 5*x = 3*k + 1. Suppose -2 = -c + x. Calculate the highest common divisor of 8 and c.
4
Let h(x) = -12*x - 8. Let t be h(-6). Let c(p) = p**3 - 9*p**2 - 9*p - 2. Let z be c(10). Calculate the greatest common divisor of t and z.
8
Suppose 5*a - 39 = 2*a. Calculate the greatest common divisor of 104 and a.
13
Suppose 2*q = 4*q + 2*i - 780, 5*i = -2*q + 774. What is the greatest common divisor of q and 56?
56
Suppose 0 = -3*q + 5*f + 3, -8*f - 2 = -2*q - 5*f. What is the greatest common divisor of q and 29?
1
Let a(q) = 4*q**2 - 6. Let b be a(3). Suppose v + 4*v - b = 0. What is the greatest common divisor of v and 48?
6
Let j = -4 - -2. Let a be ((-9)/(-1) - j)/1. Let i be (0 + -2)/(4/(-198)). What is the greatest common divisor of a and i?
11
Let h be 36/6*-1*(-6 - -3). What is the greatest common factor of h and 18?
18
Let v = 1647 + -1151. Suppose 121 = -5*t + v. Let q = -5 + t. What is the highest common factor of 14 and q?
14
Let a(o) = -24*o - 6. Let z be a(-4). What is the greatest common divisor of 36 and z?
18
Suppose 2*t = -2*b + 6, -2*t + 4*b - 4 = 2*t. What is the greatest common divisor of t and 5?
1
Let v = -35 + 54. Calculate the greatest common divisor of v and 19.
19
Let u(s) be the third derivative of -s**6/120 + 2*s**5/15 - s**4/4 - s**3/2 - 4*s**2. Let z be u(5). What is the highest common factor of 6 and z?
6
Let k be 308/16 - 2/8. What is the highest common divisor of k and 114?
19
Suppose 2*k - 248 = -58. Calculate the highest common divisor of 38 and k.
19
Suppose 0 = 9*h - 10*h - 1610. Let y = 17 - 32. Let o be h/y - (-2)/3. What is the greatest common factor of o and 12?
12
Let n(y) = 8*y**2 - 1. Let g be n(1). What is the greatest common factor of 28 and g?
7
Let s be 24/2 - (-7 + 5). Suppose m - s = 16. Let v = 10 + -4. What is the greatest common factor of m and v?
6
Let i be (4 + 1 + -8)*7/(-1). Calculate the greatest common divisor of i and 21.
21
Suppose -117 = -5*g - 12. Calculate the greatest common factor of g and 63.
21
Suppose 48 = 9*a - 8*a. What is the highest common factor of 6 and a?
6
Let o = 101 + -47. What is the greatest common divisor of o and 18?
18
Let a be 2 + 1 + 3 + -1. Suppose k = a*k - 288. Suppose -2*g = 3*j - 35, 3*j - 21 = -g + 10. Calculate the greatest common factor of k and j.
9
Suppose -270 = 27*y - 32*y. Calculate the highest common divisor of 135 and y.
27
Let c(u) = 103*u**2 + u + 1. Let v be c(-2). Suppose -5*o - 6*l = -3*l - v, 0 = -4*o - l + 326. Calculate the highest common divisor of 9 and o.
9
Let t be 1*(1 - 0) - -252. Calculate the highest common factor of t and 23.
23
Let a = 33 + -27. What is the greatest common factor of a and 48?
6
Let f be 5 + -215*6/(-15). Let o be (13 - 0/(-1))/1. What is the highest common factor of f and o?
13
Let r be (12/18 - (-8)/6) + 28. Calculate the highest common divisor of r and 10.
10
Let y = -60 + 2. Let k = y + 113. What is the highest common factor of 22 and k?
11
Let a = 28 - -60. Calculate the highest common divisor of 11 and a.
11
Suppose y = 3 - 0. Let a be (-3)/(((-4)/y)/4). Let d(p) = -p**2 + 8*p + 12. Let h be d(5). Calculate the highest common factor of a and h.
9
Let n(w) = 4*w + 1. Let q be n(2). Suppose 0*o = -5*o - 4*r - 7, -5*o = -r + 17. Let j = o - -6. Calculate the greatest common factor of q and j.
3
Let k(x) = 4*x - 17. Let d be k(8). What is the greatest common divisor of d and 105?
15
Suppose -2*z + 58 = -10. Let m = 69 - z. Suppose -17*x + 13*x + 56 = 0. Calculate the greatest common factor of m and x.
7
Suppose 2*f + 84 + 40 = 5*m, 82 = 3*m - 5*f. Let h = -4 + 4. Suppose -56 - 29 = -5*u - 5*b, 5*u + 3*b - 75 = h. What is the highest common divisor of m and u?
12
Suppose w - 4*k = 1, 0*k - 2*k + 59 = 3*w. Let m = 1 - 2. Let t be (35 + m)/(4 + -3). What is the highest common factor of w and t?
17
Let w(b) = 10*b + 2. Let c be w(-2). Let g be ((-6)/c)/(2/78). Suppose -2*u = -184 - 50. What is the highest common divisor of u and g?
13
Suppose 4*l - 54 = 22. What is the highest common divisor of l and 133?
19
Let q(d) be the third derivative of -61*d**4/24 - d**3/6 - 3*d**2. Let f be q(-3). Calculate the greatest common factor of f and 26.
26
Let q be ((-6)/(-2))/((-3)/(-8)). Calculate the greatest common divisor of q and 20.
4
Suppose 2*x = -3*n - x + 471, 0 = -5*n - 4*x + 790. Let o = n - 96. What is the highest common divisor of o and 6?
6
Suppose 28 = -2*a - 44. Let u = a + 57. Let v be (154/(-10))/((-118)/1770). Calculate the highest common factor of u and v.
21
Let a(v) = 3 - 6*v**3 - 2*v + 10*v + 5*v**3. Let p = -11 - -6. Let y be a(p). What is the highest common d